v be g/2*(10 + -10). Let x(f) be the second derivative of f**3/6 + 9*f**2/2 + 12*f. Calculate x(v).
9
Let v(a) = -a**3 - 23*a**2 - a - 15. Let f be (-3)/(36/368*(-7)/(42/(-8))). Give v(f).
8
Let l(t) be the second derivative of -t**6/360 + t**5/12 - t**4/4 + 35*t**3/6 + t**2/2 - 16*t - 2. Let s(o) be the second derivative of l(o). Give s(7).
15
Let z(d) be the third derivative of 13*d**4/24 - 20*d**3/3 - 2*d**2 + 1072. What is z(3)?
-1
Let g be 7*(-20)/490*(1 - 8). Let l(b) = -5*b - 7*b**2 + 19*b + 1 + 9*b**g - 11*b. Suppose k = -2 - 1. Calculate l(k).
10
Let m(h) = -848*h - 56. Let c(r) = -118*r - 8. Let w(t) = -36*c(t) + 5*m(t). Give w(8).
72
Let d(k) = -13*k**3 + 5*k**2 + 7*k + 1. Let w be d(-1). Let o(f) = -f**3 + 14*f**2 - 23*f - 26. Give o(w).
-14
Let u = 404 - 388. Let a(j) = -j**3 + 18*j**2 - 30*j - 36. What is a(u)?
-4
Let t(d) = -d**3 + 18*d**2 + 38*d + 36. Let v(z) = -18*z**3 + 10*z**2 + 15*z + 7. Let j be v(-1). Determine t(j).
-4
Let f(s) = s - 13. Let m be f(-6). Let w = m - -21. Let g(c) = -w*c - 69 + 67 + 3*c - c**2. Give g(0).
-2
Suppose 62*i - 698 = -4108. Let g(w) = -w**3 - 63*w**2 - 440*w + 6. Calculate g(i).
6
Let l(z) = -5*z + 1. Let q(w) be the second derivative of -w**3/6 - 38*w. Let n(f) = -2*l(f) + 14*q(f). Give n(-2).
6
Let c(t) = 4*t - 4. Let f(g) = 2*g - 3. Let w(s) = -2*s**3 - 25*s**2 - 5*s + 87. Let n be w(-12). Let h(l) = n*c(l) - 4*f(l). Determine h(1).
4
Suppose 380*z - 6*z - 269 - 853 = 0. Let g(j) be the first derivative of -3*j**4/4 + 2*j**3/3 + 2*j**2 - 3*j - 1. Calculate g(z).
-54
Let l(w) = 2*w - 6. Let r = 34 - 17. Suppose 3 = -7*k + r. Let h be ((-2 - k) + -8)/2. Determine l(h).
-18
Let x(c) = c**3 - 39*c**2 + 273*c - 83. Let z be x(30). Let h(j) = 5*j - 9. Let k(n) = -11*n + 18. Let s(f) = 5*h(f) + 2*k(f). Give s(z).
12
Let u be ((-52)/14)/(1050/3675). Let o(p) = p**2 + 8*p + 17. Give o(u).
82
Let n(z) = -15*z - 220. Let b(c) = -47*c - 662. Let i(x) = -2*b(x) + 7*n(x). Calculate i(-19).
-7
Let s be 15/2 + (-14)/28. Let x(i) = -i + 6. What is x(s)?
-1
Let w(o) be the second derivative of 7*o**4/6 + 5*o**3/6 - 2*o**2 - 42*o + 38. Calculate w(1).
15
Let n be (101/303)/(1*2/(-96)). Let u(r) = -4*r - 69. What is u(n)?
-5
Let w(m) = 2*m. Let x = 356 + -281. Let p be 55/(-15) + 10/x*5. Give w(p).
-6
Let g(o) be the second derivative of -1/6*o**3 + 1/2*o**2 - 12*o + 3. Give g(6).
-5
Suppose 151*p - 147 = 158*p. Let s be (-4 + (-1 - -6))/(3/p). Let j(v) = -v**3 - 7*v**2 - 2*v - 6. Give j(s).
8
Let u(h) = -h**2 + 8*h + 25. Suppose -4*q = 2*b - 36, 3*b + b - 3*q - 28 = 0. Let d be u(b). Let m(o) = 6*o - 4. Calculate m(d).
26
Let x(d) = -d**3 - 7*d**2 + 5*d + 16. Let t(p) = p**2 + 72*p + 848. Let j be t(-57). Give x(j).
-19
Let p(d) = -12*d**3 + 56*d**2 + 10*d - 485. Let q(c) = -c**3 + 5*c**2 + c - 42. Let z(a) = -2*p(a) + 23*q(a). What is z(-4)?
-24
Suppose -5*p + 22 + 28 = 0. Suppose 5*l = 5*j - p*j + 10, -3*l - 4*j = -11. Let v(a) = -3*a**2 + 2 - 2 + 3 - a. Give v(l).
-21
Suppose -2*m + 349 = -3*x, m - 2*x = -m + 354. Let o(w) = -90*w - 86*w + m*w + 2. Give o(-5).
-28
Suppose -41*y = -15278 - 6124. Let h = y + -520. Let j(s) = 8*s - 5. Give j(h).
11
Let m(f) = -32 + 19*f + 142 - 97*f + 74*f. Determine m(25).
10
Suppose -157 = -4*g - 17. Let v be (16/(-12))/(3 - 11/3). Let q(u) = 14*u - g*u + 14*u + 4 + 2*u**v + 0*u**2. Give q(4).
8
Let g(x) = 16*x**3 + 2*x**2 + 0*x**2 + 8 + x**2 - 2*x - 17*x**3. Give g(5).
-52
Suppose -i = -2*i + 5, -o + i = 7. Suppose -866*h - 30 = -872*h. Let z(x) = 18*x - 9. Let p(b) = -8*b + 3. Let u(n) = h*p(n) + 2*z(n). Give u(o).
5
Let h(l) = l**3 + 15*l**2 - l - 13. Suppose 2*n = 2*x + 38, 1019 = 4*x - 5*n + 1099. Determine h(x).
2
Let p(r) = 3*r**2 + 6*r + 7. Suppose 0 = 7*c - 954 + 982. Determine p(c).
31
Let f(v) = -v**3 - 11*v**2 - 25*v + 18. Suppose -z + 2*m + 4 = 0, 137*z - 5*m = 142*z + 70. Calculate f(z).
26
Let h(f) = -8*f**2 - 2*f - 1. Let s(r) = -2*r + 13. Suppose 20 = -5*q + 10*q. Suppose 0 = -q*b - b + 35. Let d be s(b). What is h(d)?
-7
Let m(c) = 2*c**3 + 2*c**2 - 1. Suppose 0 = 4*a - 4*t - 1344, -16*a + 12*a = t - 1359. Let p = a - 340. Give m(p).
-1
Let a(o) be the second derivative of -o**4/12 - o**3/6 - 3*o**2 - 2*o - 4239. Give a(7).
-62
Let j = -24548 + 24551. Let b(y) = -y**3 + 10*y**2 - 8*y - 6. What is b(j)?
33
Let x(c) = c**3 - 8*c**2 + 15*c - 4. Let z be ((-46)/92)/(3/(-18)). Give x(z).
-4
Let s = 34 - 34. Let o be -2*2 - 39*(-10)/15. Suppose o*a - 28*a - 42 = s. Let b(l) = l**2 + 4*l - 9. Determine b(a).
12
Let p(q) = 12 - 3 + 1 - 2*q + 1. Let y be (-4 - (-2 - -3)) + 93. Let k = y - 80. What is p(k)?
-5
Let w be 36*(341/(-33) + 10). Let m(l) = 3*l + 10. What is m(w)?
-26
Let i(v) = 16*v**2 + 5*v - 34. Let n(z) = 3*z**2 + z - 6. Let m(s) = 4*i(s) - 22*n(s). Determine m(0).
-4
Let m(j) = j**2 - 3*j**2 + j**2 - 1 - 2*j. Let t(x) = 10*x - 56. Let p be t(5). Let n be ((-5)/2)/(p/(-12)). Determine m(n).
-16
Suppose -61*r - 185 - 510 = -24. Let h(m) = 32*m + 353. Determine h(r).
1
Let x(b) = -b**2 - b - 1. Let n(z) = -4*z**2 - 11*z - 13. Let v(f) = -n(f) + 5*x(f). Determine v(-4).
-32
Let n(s) be the first derivative of s**3/6 - 6*s**2 + 54*s + 17. Let x(w) be the first derivative of n(w). Calculate x(11).
-1
Suppose 8 = -451*b + 455*b. Let m(f) = f**3 + f**2 - 2*f + 4. Give m(b).
12
Let v(q) = 19*q - 15*q + 11 - 2*q. Let u(z) = z + 5. Let m(r) = 7*u(r) - 3*v(r). Determine m(2).
4
Let z(x) = x**3 - 12*x**2 - 2*x + 18. Let t = -240 - -243. Suppose -q - 48 = -4*n, -48 = -n - t*n - q. Give z(n).
-6
Let n(h) = 2*h**2 + 2*h - 5. Let d(q) = q**3 + 66*q**2 + 5*q + 325. Let s be d(-66). What is n(s)?
35
Let x(r) = -4*r**2 + 5*r + 2*r**2 + 20*r - 9 - 19 + r**2. Calculate x(24).
-4
Let c(m) = 6*m + 7*m - 4*m**2 + 3*m**2 - 233 + 182. Give c(11).
-29
Let b(y) = y**3 + 5*y**2 + y + 7. Let h be 1/(5 - (-1164)/(-232)). Let w = h + 72. Suppose 18*l + 20 = w*l. Calculate b(l).
2
Let o(d) = 10*d**3 - 6*d**2 + 111*d + 4. Let i(g) = 3*g**3 - 2*g**2 + 32*g + 1. Let w(s) = -7*i(s) + 2*o(s). Determine w(-3).
52
Suppose -11*p + 19 = 19. Suppose 4*i + 46 - 10 = p. Let v(n) = 3*n + 17. What is v(i)?
-10
Let l(f) = 2*f**2 + 20*f - 34. Let x = 6926 + -6938. What is l(x)?
14
Let o(d) = 16*d + 5*d**2 - 16 + 6 - 10*d**2 + 5*d. Let r be o(4). Let c(x) = -x**2 - 5*x + 4. Give c(r).
-2
Let b(l) = 2*l**3 - 2*l**2 - 1. Let y(n) = -2*n**2 - 19*n + 13. Suppose -j = -2*o - 22, -2*o + 3*j - 30 = -2*j. Let q be y(o). What is b(q)?
35
Let s(b) = -b**2 - 13*b - 16. Let o(w) = -3*w - 5*w + w - 3 + 3*w. Let h be o(2). Give s(h).
6
Let x(d) = d - 3 + 4 - 3*d + 2*d**3. Let a = 20 + -10. Suppose 2*j = 3*t - 2, 0 = -2*t - j + 2 - a. Determine x(t).
-11
Suppose 0 = -10517*w + 10516*w. Let d(f) = -f**2 - 22. Give d(w).
-22
Suppose -14*l + 6*l + 16 = 0. Suppose 0 = 3*j - 4*p + 21, l*p - 4 = 2. Let c(q) = q**2 + 4*q - 4. What is c(j)?
-7
Let z(q) be the third derivative of q**6/120 - 13*q**5/60 + q**4/2 - 4*q**3/3 + 4*q**2 - 19*q. Calculate z(12).
-8
Suppose 0 = 4*w - 26 - 18. Let f(q) = -11*q + 15 - w*q**3 - 2*q**3 + 14*q**3 + 11*q**2. What is f(-12)?
3
Let q(o) = -75*o. Let z(f) = -953*f - 7622. Let l be z(-8). What is q(l)?
-150
Suppose 84*a - 220 = 104*a. Let k(d) be the third derivative of d**5/60 + 3*d**4/8 - 5*d**3/3 + d**2. Determine k(a).
12
Let u(v) = -v**2 + 6*v - 11. Let l(z) = 2*z**3 - 7*z**2 - 8*z + 21. Let g be l(4). Give u(g).
-6
Let s(t) be the second derivative of 19*t**4/12 - t**3/3 + t**2 - 2*t - 570. Give s(1).
19
Let y(a) = -10806 + 21511 - 10809 - 38*a. Calculate y(-3).
10
Let n(x) = -4*x + 21. Let w(u) = -24*u + 107. Let i(t) = -5*n(t) + w(t). Suppose -2*b - 5 = -y - 1, 5 = -5*b. Calculate i(y).
-6
Let b(z) be the third derivative of 7*z**4/12 + 2*z**3/3 + 2*z**2 + 340*z. Give b(3).
46
Let z(k) = 2*k**2 + 10*k - 7. Let j(h) = -6*h**2 - 29*h + 20. Let n(c) = 6*j(c) + 17*z(c). Suppose -g + 6*g - 150 = 0. Suppose -12 + g = -6*m. Calculate n(m).
-5
Suppose 0 = g + 3*g - 24. Let y be g/(-4)*(-188)/141. Let n(j) = -2*j**2 + 6*j - 3. What is n(y)?
1
Let f(u) = -u**3 - 3*u**2 + 4*u - 3. Suppose 2*j = -4*z - 26, z + 24 = -3*j - 2*z. Let o be 1*(-1)/(j/165). Let r = 57 - o. What is f(r)?
-15
Let y(z) be the second derivative of -z**4/12 + 2*z**3/3 - z**2 - 79*z. Let a be -28 - 4*(-3)/6. Let j = a + 